nits digit of 27/(-9) + 3*h?
9
Suppose 0 = -15*n - 94 + 19. Let i(o) = -43*o + 11. What is the tens digit of i(n)?
2
Let q = 1586 - 778. What is the hundreds digit of (4/(-8))/((-4)/q)?
1
Suppose 3*v + 12 = 2*v. Let h be v*1/(-1) + -2. Let s = -6 + h. What is the units digit of s?
4
Suppose -3*y - 4*u = -931, -4*u - 903 = -3*y - u. What is the tens digit of y?
0
Suppose -4*u - 9 = 3. Suppose -4*n - 4*h = -2*n + 14, -2*n = -4*h + 22. What is the units digit of 1/u - 255/n?
8
Let s = -101 - -25. Let v = -35 - s. What is the tens digit of v?
4
Let d(n) = n**3 - 10*n**2 - 10*n - 6. Let y be d(11). Suppose 6*k = 151 + y. What is the units digit of k?
6
What is the units digit of (-13 - -19) + 1 + 495?
2
Let z = -1 - 15. Let s = z + 18. Suppose -38 - 6 = -s*x. What is the tens digit of x?
2
Let v = -60 + 65. Suppose 23 = -v*w + 93. What is the units digit of w?
4
What is the thousands digit of 3372/1*69/207?
1
Let r(o) = -67*o + 251. What is the thousands digit of r(-16)?
1
Let t = -8 - -23. Let p = 34 + t. Let a = -25 + p. What is the tens digit of a?
2
Let c be (-468)/(-33) - 10/55. Let g = c - 14. Suppose g = 5*v + 4*d - 237, 0 = v + 3*d - 24 - 30. What is the tens digit of v?
4
What is the tens digit of 3/(-10) - 12/((-720)/225138)?
5
Suppose -3*v - 14 = -v. Let l(s) = 3*s**2 + 11*s - 12. Let c(t) = -t**2 - 4*t + 4. Let w(a) = -7*c(a) - 2*l(a). What is the units digit of w(v)?
3
Suppose -3*k = -13 - 2. What is the units digit of (-2)/k - 189/(-35)?
5
Suppose -4*y + 2*c = -18, y + 3*c + 7 = 3*y. Suppose -y*v + 119 = 3*d, 4*v = d + 4*d - 223. Let g = -27 + d. What is the units digit of g?
6
Let x be (-4 - 2 - -1)*(-141)/5. Let v = x + -78. What is the units digit of v?
3
Let w = -844 - -1428. What is the tens digit of w?
8
Let y(p) = 189*p**2 + p. What is the thousands digit of y(-3)?
1
Suppose 4*i + 276 = 3*u, 5*u = 5*i + 660 - 200. Let t = 49 + u. What is the units digit of t?
1
Suppose -40 - 25 = -5*g. Let y(z) = -3*z**3 - g - 4*z**2 + 13 - 2*z. What is the units digit of y(-3)?
1
Suppose 3*p + 2*v - 155 - 492 = 0, 5*v = -p + 233. Let j = -107 + p. What is the hundreds digit of j?
1
Suppose -4*x + 15 + 7 = 2*g, 5*g - 3 = 3*x. Suppose 3*l + 36 = x*l. Suppose -2*q = -5*q + l. What is the units digit of q?
2
Suppose -44*n + 14300 = -0*n. What is the hundreds digit of n?
3
Let d be (-69)/(3/(-6)*3). Let w be -2*(4 + d/(-4)). Suppose 4*f = w + 145. What is the tens digit of f?
4
Let n(t) = -t**2 - t - 4291. Let v be n(0). Let a = v + 6031. What is the tens digit of a/80 + (-2)/(-8)?
2
Suppose -j + 495 = -6*j. Let n = 9 - j. What is the hundreds digit of n?
1
Let y(z) be the third derivative of 19*z**4/12 - z**3/6 - 17*z**2. What is the units digit of y(2)?
5
Let n = 2432 - 1234. What is the hundreds digit of n?
1
Let j = 117 + -115. Suppose 0 = -0*p - j*p + 242. What is the hundreds digit of p?
1
Let d(s) be the third derivative of s**5/30 - s**4/6 - 5*s**3/6 + 15*s**2. What is the units digit of d(-4)?
3
Let m = 348 - -505. What is the hundreds digit of m?
8
Suppose -2*d - 3 = -9. Suppose 2*o = -2*o + 20. Suppose -d*s = 4*n - 115, -o*n - 4*s + 29 + 116 = 0. What is the tens digit of n?
2
Suppose y - 12 = -5*y. Suppose -4*v - 4 = 0, 267 = y*h - 3*v + 78. What is the units digit of h?
3
Suppose 0 = 63*d - 157568 - 58774. What is the thousands digit of d?
3
Let z(i) = 17*i**2 - 23*i - 10. What is the units digit of z(-5)?
0
Let l(t) = -t**3 - 11*t**2 - 23*t + 14. Let n be l(-8). Let x(z) = -z - 7 + z + 2*z. What is the units digit of x(n)?
5
Let v(t) = -t**2 + 40*t - 133. What is the tens digit of v(29)?
8
Let r(w) be the second derivative of -w**7/2520 + w**6/90 + w**5/40 - w**4/2 - w. Let d(z) be the third derivative of r(z). What is the units digit of d(8)?
3
Let u = 68 - 104. Let a = u - -24. Let j = a - -38. What is the tens digit of j?
2
Let s be (-10)/(-2) - (-4 + 6). Suppose f - 39 = -i, s*f - 42 = -i + 67. Let y = f + -17. What is the tens digit of y?
1
Let f = 27 - 26. What is the units digit of (-5 - -17)*(0 + f)/1?
2
Suppose -1941 = -6*k + 561. What is the tens digit of k?
1
Suppose 6412 = 2*g + 544. What is the units digit of g?
4
Let q = -11 - -13. Suppose 5*t = 4*n + t - 292, 0 = q*n + 5*t - 132. What is the tens digit of n?
7
Let h(b) = -35*b**3 - 5*b**2 - 19*b - 19. What is the hundreds digit of h(-3)?
9
Let o(x) be the third derivative of x**2 - 7/30*x**6 + 1/6*x**3 + 0 + 0*x + 1/60*x**5 + 1/24*x**4. What is the tens digit of o(-1)?
2
What is the hundreds digit of 1300 + (-144)/(-24) + (-1)/1?
3
Suppose -4*j = -39*z + 41*z - 6950, -4*z + 13885 = 5*j. What is the units digit of z?
5
Let g = -467 + 3072. What is the hundreds digit of g?
6
Let l(f) = f**2 - 3*f + 7. What is the units digit of l(-14)?
5
Suppose 0 = -6*k + 2304 + 678. Suppose 0 = -11*s + 4*s + k. What is the units digit of s?
1
Let u = 1017 - 631. Let i = -185 + u. What is the hundreds digit of i?
2
Suppose -400 = -9*d + 8645. What is the thousands digit of d?
1
Let z be (-15)/(0 - (-9)/(-6)). Suppose 0*w - 2*w + 5*m + 30 = 0, -w - 3*m = -26. Let g = w - z. What is the units digit of g?
0
Let w = -8 + 4. Let h(t) = t**3 + 7*t**2 - 8*t - 2. What is the units digit of h(w)?
8
Let i = 24 - 42. What is the hundreds digit of (i - -21)*(-236)/(-6)?
1
Let t(u) = -2*u + 7 + u**3 + 7*u**2 + 13*u - u. Let n be t(-6). Let x(o) = -o**2 - 18*o + 16. What is the units digit of x(n)?
3
Let a be (-4)/14 + 19*(-4)/28. What is the hundreds digit of a - (-218 - (-12)/(-4))?
2
Let d(h) = 33*h + 133. What is the hundreds digit of d(6)?
3
Suppose 0 = -3*a + 57 + 42. Suppose 0 = -f - 5*w + 29, 0 = -4*f + 2*f - 5*w + a. Suppose -2*j + 51 = 3*h - 40, 74 = 2*h + f*j. What is the tens digit of h?
2
Let g(a) be the third derivative of 0*a**3 + 1/20*a**5 - 3*a**2 + 0*a - 1/12*a**4 + 0. What is the units digit of g(3)?
1
Suppose 4*j + 1 - 21 = 0. Suppose z = 9 - j. Suppose -4 = z*x, -m + 4*x - x = -7. What is the units digit of m?
4
Let u(p) = p**3 + 8*p**2 + 3. Let j be u(-8). Suppose 8*b = j*b + 15. Let o(r) = r**3 - r + 4. What is the units digit of o(b)?
8
Let o = 201 + -26. Suppose -2*j + t = -0*t - o, -j + 4*t = -91. What is the units digit of j?
7
Let q be 1 + 1/(-1)*-1. Suppose 5*x + 3*w = 14, 0 = x - 0*w + 2*w. Suppose 0 = -d - q*d, -m + 21 = x*d. What is the units digit of m?
1
What is the hundreds digit of (-110)/(-770) + 21460/14?
5
Suppose 0 = 2*j + 25 - 41. Let x be (0 + -16)/((-12)/(-18)). What is the tens digit of ((-34)/j)/(3/x)?
3
Suppose r - 1588 = -4*x, 3*r + 5*x - 919 = 3880. What is the hundreds digit of r?
6
Suppose 5*p - 8 = 4*u, 8*u + p = 3*u + 19. Suppose u*c - 284 = 247. What is the units digit of c?
7
Suppose 2*b - 13 = -2*z - b, -4*z + 2*b - 14 = 0. Let u be -3 + 6 + -1 - z. Suppose 4*i - 256 = -r, -1 = r + u. What is the tens digit of i?
6
Let y(l) = 5*l - 2. Let d be y(-2). Let k = 46 - 38. Let c = k - d. What is the units digit of c?
0
Suppose c = -0*s + 5*s + 200, 0 = -3*c - 3*s + 582. Suppose -c = -3*v + 78. Suppose 3*g = v - 28. What is the tens digit of g?
2
Let a be -2*(-7)/(-2)*1. Let h = a - -10. What is the tens digit of (-192)/(-9) - h/9?
2
Let y be 7*4 + (4 - 7). Let g be ((-60)/y + 0)*-40. Suppose 3*p = 4*j + 68, -3*j - j - g = -4*p. What is the units digit of p?
8
Let h(j) = 2*j**2 + 2*j - 111. What is the hundreds digit of h(-27)?
2
Let i(d) = d**3 + 10*d**2 - d - 10. Let g be i(-10). Suppose g = -5*b + 289 + 126. What is the units digit of b?
3
Suppose -2*y = 2*x - 34, 4*x = -x - 5. Let q be (y/(-30))/((-3)/30). Suppose q*b = b + 50. What is the units digit of b?
0
Let k(f) = 75*f**3 - f**2. Let h be k(-1). Let w = 168 + h. What is the tens digit of w?
9
Let f(u) = 16*u**2 - 3*u - 1. What is the units digit of f(-6)?
3
Suppose 0*k - 5*k = -4*b + 20, k = -4. Suppose b*q + q = 2. What is the units digit of q?
2
Let f be -1*(-8 + -1 + 4). Let j(t) = t**2 - 6*t - 4. Let o be j(7). What is the tens digit of (f*o)/(4/12)?
4
Suppose 4*n - 12 = 0, n + 1 = -4*x + 4*n. Let p be (x + -5)/(15/(-20)). Suppose -p*z = -2*v - 18, -5*v - 17 = -2*z + 6*z. What is the units digit of z?
2
Suppose 0 = 27*a - 4*a - 138. Let j(x) = -10 + 5*x + x + 1. What is the tens digit of j(a)?
2
Suppose -4*f - 16 = 0, b + b - 5*f = 2818. What is the hundreds digit of b?
3
Let r = -4525